{"id":58,"date":"2018-03-06T13:27:05","date_gmt":"2018-03-06T13:27:05","guid":{"rendered":"http:\/\/proyectoscpiocruce.com\/wordpress_proem\/?page_id=58"},"modified":"2018-04-17T08:41:16","modified_gmt":"2018-04-17T08:41:16","slug":"quienes-somos","status":"publish","type":"page","link":"http:\/\/proyectoscpiocruce.com\/wordpress_proem\/quienes-somos\/","title":{"rendered":"Qui\u00e9nes somos"},"content":{"rendered":"<p><span><strong>Somos una cooperativa iniciada por\u00a0 el CPI Plurling\u00fce O Cruce\u00a0 con el apoyo de la Asociaci\u00f3n de Empresarios de Sab\u00f3n\u00a0 \u00a0y la Diputaci\u00f3n de A Coru\u00f1a\u00a0 participamos\u00a0 el proyecto llamado PROEM 2018.<\/strong><\/span><\/p>\n<p><span><strong>En esta empresa tenemos dos ramas de productos, una de impresi\u00f3n 3d y otra de impresi\u00f3n textil con unos productos \u00fanicos y dise\u00f1ados hasta por usted mismo.<\/strong><\/span><\/p>\n<p>&nbsp;<\/p>\n","protected":false},"excerpt":{"rendered":"<p>Somos una cooperativa iniciada por\u00a0 el CPI Plurling\u00fce O Cruce\u00a0 con el apoyo de la Asociaci\u00f3n de Empresarios de Sab\u00f3n\u00a0 \u00a0y la Diputaci\u00f3n de A Coru\u00f1a\u00a0 participamos\u00a0 el proyecto llamado PROEM 2018. En esta empresa tenemos dos ramas de productos, una de impresi\u00f3n 3d y otra de impresi\u00f3n textil con unos productos \u00fanicos y dise\u00f1ados &hellip; <\/p>\n<p class=\"link-more\"><a href=\"http:\/\/proyectoscpiocruce.com\/wordpress_proem\/quienes-somos\/\" class=\"more-link\">Continuar leyendo<span class=\"screen-reader-text\"> \u00abQui\u00e9nes somos\u00bb<\/span><\/a><\/p>\n","protected":false},"author":1,"featured_media":0,"parent":0,"menu_order":0,"comment_status":"closed","ping_status":"closed","template":"","meta":{"footnotes":""},"_links":{"self":[{"href":"http:\/\/proyectoscpiocruce.com\/wordpress_proem\/wp-json\/wp\/v2\/pages\/58"}],"collection":[{"href":"http:\/\/proyectoscpiocruce.com\/wordpress_proem\/wp-json\/wp\/v2\/pages"}],"about":[{"href":"http:\/\/proyectoscpiocruce.com\/wordpress_proem\/wp-json\/wp\/v2\/types\/page"}],"author":[{"embeddable":true,"href":"http:\/\/proyectoscpiocruce.com\/wordpress_proem\/wp-json\/wp\/v2\/users\/1"}],"replies":[{"embeddable":true,"href":"http:\/\/proyectoscpiocruce.com\/wordpress_proem\/wp-json\/wp\/v2\/comments?post=58"}],"version-history":[{"count":8,"href":"http:\/\/proyectoscpiocruce.com\/wordpress_proem\/wp-json\/wp\/v2\/pages\/58\/revisions"}],"predecessor-version":[{"id":161,"href":"http:\/\/proyectoscpiocruce.com\/wordpress_proem\/wp-json\/wp\/v2\/pages\/58\/revisions\/161"}],"wp:attachment":[{"href":"http:\/\/proyectoscpiocruce.com\/wordpress_proem\/wp-json\/wp\/v2\/media?parent=58"}],"curies":[{"name":"wp","href":"https:\/\/api.w.org\/{rel}","templated":true}]}}